{"id":3260,"date":"2024-05-10T10:38:44","date_gmt":"2024-05-10T08:38:44","guid":{"rendered":"https:\/\/chsspaca.fr\/?page_id=3260"},"modified":"2024-05-10T11:05:23","modified_gmt":"2024-05-10T09:05:23","slug":"tous-les-bulletins-ancienne-serie","status":"publish","type":"page","link":"https:\/\/chsspaca.fr\/index.php\/tous-les-bulletins-ancienne-serie\/","title":{"rendered":"Tous les bulletins (ancienne s\u00e9rie)"},"content":{"rendered":"\n<p>Vous trouverez ici tous les bulletins du &#8220;Comit\u00e9 d&#8217;histoire de la S\u00e9curit\u00e9 Sociale dans la France M\u00e9diterran\u00e9enne), qui couvrait les r\u00e9gions &#8220;Languedoc-Roussillon&#8221; et &#8220;Provence-Alpes-C\u00f4te d&#8217;Azur-Corse&#8221;.<\/p>\n\n\n\n<p>Ces bulletins \u00e9taient dactylographi\u00e9s et reproduits selon les techniques des ann\u00e9es 1980. Ainsi, la qualit\u00e9 de leur num\u00e9risation n&#8217;est pas optimale, et vous voudrez bien nous en excuser. Ils sont, cependant, parfaitement lisibles.<\/p>\n\n\n\n<p>Les bulletins dit &#8220;Nouvelle s\u00e9rie&#8221; sont sur la page des &#8220;<a href=\"https:\/\/chsspaca.fr\/index.php\/sommaires-et-couvertures\/\" data-type=\"page\" data-id=\"891\">Bulletins parus<\/a>&#8220;.<\/p>\n\n\n\n<p>Cliquez sur l&#8217;image et le bulletin s&#8217;ouvrira dans un nouvel onglet de votre navigateur.<\/p>\n\n\n\n<div class=\"wp-block-group\"><div class=\"wp-block-group__inner-container is-layout-flow wp-block-group-is-layout-flow\">\n<figure class=\"wp-block-table is-style-regular\"><table><tbody><tr><td class=\"has-text-align-right\" data-align=\"right\"><a href=\"https:\/\/chsspaca.fr\/wp-content\/uploads\/BAS-11.pdf\" data-type=\"attachment\" data-id=\"3235\" target=\"_blank\" rel=\"noreferrer noopener\"><img data-recalc-dims=\"1\" loading=\"lazy\" decoding=\"async\" width=\"500\" height=\"708\" class=\"wp-image-3247\" style=\"width: 500px;\" src=\"https:\/\/i0.wp.com\/chsspaca.fr\/wp-content\/uploads\/CouvBAS-11.jpg?resize=500%2C708&#038;ssl=1\" alt=\"\" srcset=\"https:\/\/i0.wp.com\/chsspaca.fr\/wp-content\/uploads\/CouvBAS-11.jpg?w=595&amp;ssl=1 595w, https:\/\/i0.wp.com\/chsspaca.fr\/wp-content\/uploads\/CouvBAS-11.jpg?resize=212%2C300&amp;ssl=1 212w\" sizes=\"auto, (max-width: 500px) 100vw, 500px\" \/><\/a><\/td><td class=\"has-text-align-left\" data-align=\"left\"><a href=\"https:\/\/chsspaca.fr\/wp-content\/uploads\/BAS-11.pdf\" data-type=\"attachment\" data-id=\"3235\" target=\"_blank\" rel=\"noreferrer noopener\"><img data-recalc-dims=\"1\" loading=\"lazy\" decoding=\"async\" width=\"500\" height=\"708\" class=\"wp-image-3259\" style=\"width: 500px;\" src=\"https:\/\/i0.wp.com\/chsspaca.fr\/wp-content\/uploads\/SommBAS-11.jpg?resize=500%2C708&#038;ssl=1\" alt=\"\" srcset=\"https:\/\/i0.wp.com\/chsspaca.fr\/wp-content\/uploads\/SommBAS-11.jpg?w=595&amp;ssl=1 595w, https:\/\/i0.wp.com\/chsspaca.fr\/wp-content\/uploads\/SommBAS-11.jpg?resize=212%2C300&amp;ssl=1 212w\" sizes=\"auto, (max-width: 500px) 100vw, 500px\" \/><\/a><\/td><\/tr><tr><td class=\"has-text-align-right\" data-align=\"right\"><a href=\"https:\/\/chsspaca.fr\/wp-content\/uploads\/BAS-10.pdf\" data-type=\"attachment\" data-id=\"3234\" target=\"_blank\" rel=\"noreferrer noopener\"><img data-recalc-dims=\"1\" loading=\"lazy\" decoding=\"async\" width=\"500\" height=\"708\" class=\"wp-image-3246\" style=\"width: 500px;\" src=\"https:\/\/i0.wp.com\/chsspaca.fr\/wp-content\/uploads\/CouvBAS-10.jpg?resize=500%2C708&#038;ssl=1\" alt=\"\" srcset=\"https:\/\/i0.wp.com\/chsspaca.fr\/wp-content\/uploads\/CouvBAS-10.jpg?w=595&amp;ssl=1 595w, https:\/\/i0.wp.com\/chsspaca.fr\/wp-content\/uploads\/CouvBAS-10.jpg?resize=212%2C300&amp;ssl=1 212w\" sizes=\"auto, (max-width: 500px) 100vw, 500px\" \/><\/a><\/td><td class=\"has-text-align-left\" data-align=\"left\"><a href=\"https:\/\/chsspaca.fr\/wp-content\/uploads\/BAS-10.pdf\" data-type=\"attachment\" data-id=\"3234\" target=\"_blank\" rel=\"noreferrer noopener\"><img data-recalc-dims=\"1\" loading=\"lazy\" decoding=\"async\" width=\"500\" height=\"708\" class=\"wp-image-3258\" style=\"width: 500px;\" src=\"https:\/\/i0.wp.com\/chsspaca.fr\/wp-content\/uploads\/SommBAS-10.jpg?resize=500%2C708&#038;ssl=1\" alt=\"\" srcset=\"https:\/\/i0.wp.com\/chsspaca.fr\/wp-content\/uploads\/SommBAS-10.jpg?w=595&amp;ssl=1 595w, https:\/\/i0.wp.com\/chsspaca.fr\/wp-content\/uploads\/SommBAS-10.jpg?resize=212%2C300&amp;ssl=1 212w\" sizes=\"auto, (max-width: 500px) 100vw, 500px\" \/><\/a><\/td><\/tr><tr><td class=\"has-text-align-right\" data-align=\"right\"><a href=\"https:\/\/chsspaca.fr\/wp-content\/uploads\/BAS-09.pdf\" data-type=\"attachment\" data-id=\"3233\" target=\"_blank\" rel=\"noreferrer noopener\"><img data-recalc-dims=\"1\" loading=\"lazy\" decoding=\"async\" width=\"500\" height=\"708\" class=\"wp-image-3245\" style=\"width: 500px;\" src=\"https:\/\/i0.wp.com\/chsspaca.fr\/wp-content\/uploads\/CouvBAS-09.jpg?resize=500%2C708&#038;ssl=1\" alt=\"\" srcset=\"https:\/\/i0.wp.com\/chsspaca.fr\/wp-content\/uploads\/CouvBAS-09.jpg?w=595&amp;ssl=1 595w, https:\/\/i0.wp.com\/chsspaca.fr\/wp-content\/uploads\/CouvBAS-09.jpg?resize=212%2C300&amp;ssl=1 212w\" sizes=\"auto, (max-width: 500px) 100vw, 500px\" \/><\/a><\/td><td class=\"has-text-align-left\" data-align=\"left\"><a href=\"https:\/\/chsspaca.fr\/wp-content\/uploads\/BAS-09.pdf\" data-type=\"attachment\" data-id=\"3233\" target=\"_blank\" rel=\"noreferrer noopener\"><img data-recalc-dims=\"1\" loading=\"lazy\" decoding=\"async\" width=\"500\" height=\"708\" class=\"wp-image-3257\" style=\"width: 500px;\" src=\"https:\/\/i0.wp.com\/chsspaca.fr\/wp-content\/uploads\/SommBAS-09.jpg?resize=500%2C708&#038;ssl=1\" alt=\"\" srcset=\"https:\/\/i0.wp.com\/chsspaca.fr\/wp-content\/uploads\/SommBAS-09.jpg?w=595&amp;ssl=1 595w, https:\/\/i0.wp.com\/chsspaca.fr\/wp-content\/uploads\/SommBAS-09.jpg?resize=212%2C300&amp;ssl=1 212w\" sizes=\"auto, (max-width: 500px) 100vw, 500px\" \/><\/a><\/td><\/tr><tr><td class=\"has-text-align-right\" data-align=\"right\"><a href=\"https:\/\/chsspaca.fr\/wp-content\/uploads\/BAS-08.pdf\" data-type=\"attachment\" data-id=\"3232\" target=\"_blank\" rel=\"noreferrer noopener\"><img data-recalc-dims=\"1\" loading=\"lazy\" decoding=\"async\" width=\"500\" height=\"708\" class=\"wp-image-3244\" style=\"width: 500px;\" src=\"https:\/\/i0.wp.com\/chsspaca.fr\/wp-content\/uploads\/CouvBAS-08.jpg?resize=500%2C708&#038;ssl=1\" alt=\"\" srcset=\"https:\/\/i0.wp.com\/chsspaca.fr\/wp-content\/uploads\/CouvBAS-08.jpg?w=595&amp;ssl=1 595w, https:\/\/i0.wp.com\/chsspaca.fr\/wp-content\/uploads\/CouvBAS-08.jpg?resize=212%2C300&amp;ssl=1 212w\" sizes=\"auto, (max-width: 500px) 100vw, 500px\" \/><\/a><\/td><td class=\"has-text-align-left\" data-align=\"left\"><a href=\"https:\/\/chsspaca.fr\/wp-content\/uploads\/BAS-08.pdf\" data-type=\"attachment\" data-id=\"3232\" target=\"_blank\" rel=\"noreferrer noopener\"><img data-recalc-dims=\"1\" loading=\"lazy\" decoding=\"async\" width=\"500\" height=\"708\" class=\"wp-image-3256\" style=\"width: 500px;\" src=\"https:\/\/i0.wp.com\/chsspaca.fr\/wp-content\/uploads\/SommBAS-08.jpg?resize=500%2C708&#038;ssl=1\" alt=\"\" srcset=\"https:\/\/i0.wp.com\/chsspaca.fr\/wp-content\/uploads\/SommBAS-08.jpg?w=595&amp;ssl=1 595w, https:\/\/i0.wp.com\/chsspaca.fr\/wp-content\/uploads\/SommBAS-08.jpg?resize=212%2C300&amp;ssl=1 212w\" sizes=\"auto, (max-width: 500px) 100vw, 500px\" \/><\/a><\/td><\/tr><tr><td class=\"has-text-align-right\" data-align=\"right\"><a href=\"https:\/\/chsspaca.fr\/wp-content\/uploads\/BAS-07.pdf\" data-type=\"attachment\" data-id=\"3231\" target=\"_blank\" rel=\"noreferrer noopener\"><img data-recalc-dims=\"1\" loading=\"lazy\" decoding=\"async\" width=\"500\" height=\"708\" class=\"wp-image-3243\" style=\"width: 500px;\" src=\"https:\/\/i0.wp.com\/chsspaca.fr\/wp-content\/uploads\/CouvBAS-07.jpg?resize=500%2C708&#038;ssl=1\" alt=\"\" srcset=\"https:\/\/i0.wp.com\/chsspaca.fr\/wp-content\/uploads\/CouvBAS-07.jpg?w=595&amp;ssl=1 595w, https:\/\/i0.wp.com\/chsspaca.fr\/wp-content\/uploads\/CouvBAS-07.jpg?resize=212%2C300&amp;ssl=1 212w\" sizes=\"auto, (max-width: 500px) 100vw, 500px\" \/><\/a><\/td><td class=\"has-text-align-left\" data-align=\"left\"><a href=\"https:\/\/chsspaca.fr\/wp-content\/uploads\/BAS-07.pdf\" data-type=\"attachment\" data-id=\"3231\" target=\"_blank\" rel=\"noreferrer noopener\"><img data-recalc-dims=\"1\" loading=\"lazy\" decoding=\"async\" width=\"500\" height=\"708\" class=\"wp-image-3255\" style=\"width: 500px;\" src=\"https:\/\/i0.wp.com\/chsspaca.fr\/wp-content\/uploads\/SommBAS-07.jpg?resize=500%2C708&#038;ssl=1\" alt=\"\" srcset=\"https:\/\/i0.wp.com\/chsspaca.fr\/wp-content\/uploads\/SommBAS-07.jpg?w=595&amp;ssl=1 595w, https:\/\/i0.wp.com\/chsspaca.fr\/wp-content\/uploads\/SommBAS-07.jpg?resize=212%2C300&amp;ssl=1 212w\" sizes=\"auto, (max-width: 500px) 100vw, 500px\" \/><\/a><\/td><\/tr><tr><td class=\"has-text-align-right\" data-align=\"right\"><a href=\"https:\/\/chsspaca.fr\/wp-content\/uploads\/BAS-06.pdf\" data-type=\"attachment\" data-id=\"3230\" target=\"_blank\" rel=\"noreferrer noopener\"><img data-recalc-dims=\"1\" loading=\"lazy\" decoding=\"async\" width=\"500\" height=\"708\" class=\"wp-image-3242\" style=\"width: 500px;\" src=\"https:\/\/i0.wp.com\/chsspaca.fr\/wp-content\/uploads\/CouvBAS-06.jpg?resize=500%2C708&#038;ssl=1\" alt=\"\" srcset=\"https:\/\/i0.wp.com\/chsspaca.fr\/wp-content\/uploads\/CouvBAS-06.jpg?w=595&amp;ssl=1 595w, https:\/\/i0.wp.com\/chsspaca.fr\/wp-content\/uploads\/CouvBAS-06.jpg?resize=212%2C300&amp;ssl=1 212w\" sizes=\"auto, (max-width: 500px) 100vw, 500px\" \/><\/a><\/td><td class=\"has-text-align-left\" data-align=\"left\"><a href=\"https:\/\/chsspaca.fr\/wp-content\/uploads\/BAS-06.pdf\" data-type=\"attachment\" data-id=\"3230\" target=\"_blank\" rel=\"noreferrer noopener\"><img data-recalc-dims=\"1\" loading=\"lazy\" decoding=\"async\" width=\"500\" height=\"708\" class=\"wp-image-3254\" style=\"width: 500px;\" src=\"https:\/\/i0.wp.com\/chsspaca.fr\/wp-content\/uploads\/SommBAS-06.jpg?resize=500%2C708&#038;ssl=1\" alt=\"\" srcset=\"https:\/\/i0.wp.com\/chsspaca.fr\/wp-content\/uploads\/SommBAS-06.jpg?w=595&amp;ssl=1 595w, https:\/\/i0.wp.com\/chsspaca.fr\/wp-content\/uploads\/SommBAS-06.jpg?resize=212%2C300&amp;ssl=1 212w\" sizes=\"auto, (max-width: 500px) 100vw, 500px\" \/><\/a><\/td><\/tr><tr><td class=\"has-text-align-right\" data-align=\"right\"><a href=\"https:\/\/chsspaca.fr\/wp-content\/uploads\/BAS-05.pdf\" data-type=\"attachment\" data-id=\"3229\" target=\"_blank\" rel=\"noreferrer noopener\"><img data-recalc-dims=\"1\" loading=\"lazy\" decoding=\"async\" width=\"500\" height=\"708\" class=\"wp-image-3241\" style=\"width: 500px;\" src=\"https:\/\/i0.wp.com\/chsspaca.fr\/wp-content\/uploads\/CouvBAS-05.jpg?resize=500%2C708&#038;ssl=1\" alt=\"\" srcset=\"https:\/\/i0.wp.com\/chsspaca.fr\/wp-content\/uploads\/CouvBAS-05.jpg?w=595&amp;ssl=1 595w, https:\/\/i0.wp.com\/chsspaca.fr\/wp-content\/uploads\/CouvBAS-05.jpg?resize=212%2C300&amp;ssl=1 212w\" sizes=\"auto, (max-width: 500px) 100vw, 500px\" \/><\/a><\/td><td class=\"has-text-align-left\" data-align=\"left\"><a href=\"https:\/\/chsspaca.fr\/wp-content\/uploads\/BAS-05.pdf\" data-type=\"attachment\" data-id=\"3229\" target=\"_blank\" rel=\"noreferrer noopener\"><img data-recalc-dims=\"1\" loading=\"lazy\" decoding=\"async\" width=\"500\" height=\"708\" class=\"wp-image-3253\" style=\"width: 500px;\" src=\"https:\/\/i0.wp.com\/chsspaca.fr\/wp-content\/uploads\/SommBAS-05.jpg?resize=500%2C708&#038;ssl=1\" alt=\"\" srcset=\"https:\/\/i0.wp.com\/chsspaca.fr\/wp-content\/uploads\/SommBAS-05.jpg?w=595&amp;ssl=1 595w, https:\/\/i0.wp.com\/chsspaca.fr\/wp-content\/uploads\/SommBAS-05.jpg?resize=212%2C300&amp;ssl=1 212w\" sizes=\"auto, (max-width: 500px) 100vw, 500px\" \/><\/a><\/td><\/tr><tr><td class=\"has-text-align-right\" data-align=\"right\"><a href=\"https:\/\/chsspaca.fr\/wp-content\/uploads\/BAS-04.pdf\" data-type=\"attachment\" data-id=\"3228\" target=\"_blank\" rel=\"noreferrer noopener\"><img data-recalc-dims=\"1\" loading=\"lazy\" decoding=\"async\" width=\"500\" height=\"708\" class=\"wp-image-3240\" style=\"width: 500px;\" src=\"https:\/\/i0.wp.com\/chsspaca.fr\/wp-content\/uploads\/CouvBAS-04.jpg?resize=500%2C708&#038;ssl=1\" alt=\"\" srcset=\"https:\/\/i0.wp.com\/chsspaca.fr\/wp-content\/uploads\/CouvBAS-04.jpg?w=595&amp;ssl=1 595w, https:\/\/i0.wp.com\/chsspaca.fr\/wp-content\/uploads\/CouvBAS-04.jpg?resize=212%2C300&amp;ssl=1 212w\" sizes=\"auto, (max-width: 500px) 100vw, 500px\" \/><\/a><\/td><td class=\"has-text-align-left\" data-align=\"left\"><a href=\"https:\/\/chsspaca.fr\/wp-content\/uploads\/BAS-04.pdf\" data-type=\"attachment\" data-id=\"3228\" target=\"_blank\" rel=\"noreferrer noopener\"><img data-recalc-dims=\"1\" loading=\"lazy\" decoding=\"async\" width=\"500\" height=\"708\" class=\"wp-image-3252\" style=\"width: 500px;\" src=\"https:\/\/i0.wp.com\/chsspaca.fr\/wp-content\/uploads\/SommBAS-04.jpg?resize=500%2C708&#038;ssl=1\" alt=\"\" srcset=\"https:\/\/i0.wp.com\/chsspaca.fr\/wp-content\/uploads\/SommBAS-04.jpg?w=595&amp;ssl=1 595w, https:\/\/i0.wp.com\/chsspaca.fr\/wp-content\/uploads\/SommBAS-04.jpg?resize=212%2C300&amp;ssl=1 212w\" sizes=\"auto, (max-width: 500px) 100vw, 500px\" \/><\/a><\/td><\/tr><tr><td class=\"has-text-align-right\" data-align=\"right\"><a href=\"https:\/\/chsspaca.fr\/wp-content\/uploads\/BAS-03.pdf\" data-type=\"attachment\" data-id=\"3227\" target=\"_blank\" rel=\"noreferrer noopener\"><img data-recalc-dims=\"1\" loading=\"lazy\" decoding=\"async\" width=\"500\" height=\"708\" class=\"wp-image-3239\" style=\"width: 500px;\" src=\"https:\/\/i0.wp.com\/chsspaca.fr\/wp-content\/uploads\/CouvBAS-03.jpg?resize=500%2C708&#038;ssl=1\" alt=\"\" srcset=\"https:\/\/i0.wp.com\/chsspaca.fr\/wp-content\/uploads\/CouvBAS-03.jpg?w=595&amp;ssl=1 595w, https:\/\/i0.wp.com\/chsspaca.fr\/wp-content\/uploads\/CouvBAS-03.jpg?resize=212%2C300&amp;ssl=1 212w\" sizes=\"auto, (max-width: 500px) 100vw, 500px\" \/><\/a><\/td><td class=\"has-text-align-left\" data-align=\"left\"><a href=\"https:\/\/chsspaca.fr\/wp-content\/uploads\/BAS-03.pdf\" data-type=\"attachment\" data-id=\"3227\" target=\"_blank\" rel=\"noreferrer noopener\"><img data-recalc-dims=\"1\" loading=\"lazy\" decoding=\"async\" width=\"500\" height=\"708\" class=\"wp-image-3251\" style=\"width: 500px;\" src=\"https:\/\/i0.wp.com\/chsspaca.fr\/wp-content\/uploads\/SommBAS-03.jpg?resize=500%2C708&#038;ssl=1\" alt=\"\" srcset=\"https:\/\/i0.wp.com\/chsspaca.fr\/wp-content\/uploads\/SommBAS-03.jpg?w=595&amp;ssl=1 595w, https:\/\/i0.wp.com\/chsspaca.fr\/wp-content\/uploads\/SommBAS-03.jpg?resize=212%2C300&amp;ssl=1 212w\" sizes=\"auto, (max-width: 500px) 100vw, 500px\" \/><\/a><\/td><\/tr><tr><td class=\"has-text-align-right\" data-align=\"right\"><a href=\"https:\/\/chsspaca.fr\/wp-content\/uploads\/BAS-02.pdf\" data-type=\"attachment\" data-id=\"3226\" target=\"_blank\" rel=\"noreferrer noopener\"><img data-recalc-dims=\"1\" loading=\"lazy\" decoding=\"async\" width=\"500\" height=\"708\" class=\"wp-image-3238\" style=\"width: 500px;\" src=\"https:\/\/i0.wp.com\/chsspaca.fr\/wp-content\/uploads\/CouvBAS-02.jpg?resize=500%2C708&#038;ssl=1\" alt=\"\" srcset=\"https:\/\/i0.wp.com\/chsspaca.fr\/wp-content\/uploads\/CouvBAS-02.jpg?w=595&amp;ssl=1 595w, https:\/\/i0.wp.com\/chsspaca.fr\/wp-content\/uploads\/CouvBAS-02.jpg?resize=212%2C300&amp;ssl=1 212w\" sizes=\"auto, (max-width: 500px) 100vw, 500px\" \/><\/a><\/td><td class=\"has-text-align-left\" data-align=\"left\"><a href=\"https:\/\/chsspaca.fr\/wp-content\/uploads\/BAS-02.pdf\" data-type=\"attachment\" data-id=\"3226\" target=\"_blank\" rel=\"noreferrer noopener\"><img data-recalc-dims=\"1\" loading=\"lazy\" decoding=\"async\" width=\"500\" height=\"708\" class=\"wp-image-3250\" style=\"width: 500px;\" src=\"https:\/\/i0.wp.com\/chsspaca.fr\/wp-content\/uploads\/SommBAS-02.jpg?resize=500%2C708&#038;ssl=1\" alt=\"\" srcset=\"https:\/\/i0.wp.com\/chsspaca.fr\/wp-content\/uploads\/SommBAS-02.jpg?w=595&amp;ssl=1 595w, https:\/\/i0.wp.com\/chsspaca.fr\/wp-content\/uploads\/SommBAS-02.jpg?resize=212%2C300&amp;ssl=1 212w\" sizes=\"auto, (max-width: 500px) 100vw, 500px\" \/><\/a><\/td><\/tr><tr><td class=\"has-text-align-right\" data-align=\"right\"><a href=\"https:\/\/chsspaca.fr\/wp-content\/uploads\/BAS-01.pdf\" data-type=\"attachment\" data-id=\"3225\" target=\"_blank\" rel=\"noreferrer noopener\"><img data-recalc-dims=\"1\" loading=\"lazy\" decoding=\"async\" width=\"500\" height=\"708\" class=\"wp-image-3237\" style=\"width: 500px;\" src=\"https:\/\/i0.wp.com\/chsspaca.fr\/wp-content\/uploads\/CouvBAS-01.jpg?resize=500%2C708&#038;ssl=1\" alt=\"\" srcset=\"https:\/\/i0.wp.com\/chsspaca.fr\/wp-content\/uploads\/CouvBAS-01.jpg?w=595&amp;ssl=1 595w, https:\/\/i0.wp.com\/chsspaca.fr\/wp-content\/uploads\/CouvBAS-01.jpg?resize=212%2C300&amp;ssl=1 212w\" sizes=\"auto, (max-width: 500px) 100vw, 500px\" \/><\/a><\/td><td class=\"has-text-align-left\" data-align=\"left\"><a href=\"https:\/\/chsspaca.fr\/wp-content\/uploads\/BAS-01.pdf\" data-type=\"attachment\" data-id=\"3225\" target=\"_blank\" rel=\"noreferrer noopener\"><img data-recalc-dims=\"1\" loading=\"lazy\" decoding=\"async\" width=\"500\" height=\"708\" class=\"wp-image-3249\" style=\"width: 500px;\" src=\"https:\/\/i0.wp.com\/chsspaca.fr\/wp-content\/uploads\/SommBAS-01.jpg?resize=500%2C708&#038;ssl=1\" alt=\"\" srcset=\"https:\/\/i0.wp.com\/chsspaca.fr\/wp-content\/uploads\/SommBAS-01.jpg?w=595&amp;ssl=1 595w, https:\/\/i0.wp.com\/chsspaca.fr\/wp-content\/uploads\/SommBAS-01.jpg?resize=212%2C300&amp;ssl=1 212w\" sizes=\"auto, (max-width: 500px) 100vw, 500px\" \/><\/a><\/td><\/tr><tr><td class=\"has-text-align-right\" data-align=\"right\"><a href=\"https:\/\/chsspaca.fr\/wp-content\/uploads\/BAS-00.pdf\" data-type=\"attachment\" data-id=\"3224\" target=\"_blank\" rel=\"noreferrer noopener\"><img data-recalc-dims=\"1\" loading=\"lazy\" decoding=\"async\" width=\"500\" height=\"708\" class=\"wp-image-3236\" style=\"width: 500px;\" src=\"https:\/\/i0.wp.com\/chsspaca.fr\/wp-content\/uploads\/CouvBAS-00.jpg?resize=500%2C708&#038;ssl=1\" alt=\"\" srcset=\"https:\/\/i0.wp.com\/chsspaca.fr\/wp-content\/uploads\/CouvBAS-00.jpg?w=595&amp;ssl=1 595w, https:\/\/i0.wp.com\/chsspaca.fr\/wp-content\/uploads\/CouvBAS-00.jpg?resize=212%2C300&amp;ssl=1 212w\" sizes=\"auto, (max-width: 500px) 100vw, 500px\" \/><\/a><\/td><td class=\"has-text-align-left\" data-align=\"left\"><a href=\"https:\/\/chsspaca.fr\/wp-content\/uploads\/BAS-00.pdf\" data-type=\"attachment\" data-id=\"3224\" target=\"_blank\" rel=\"noreferrer noopener\"><img data-recalc-dims=\"1\" loading=\"lazy\" decoding=\"async\" width=\"500\" height=\"708\" class=\"wp-image-3248\" style=\"width: 500px;\" src=\"https:\/\/i0.wp.com\/chsspaca.fr\/wp-content\/uploads\/SommBAS-00.jpg?resize=500%2C708&#038;ssl=1\" alt=\"\" srcset=\"https:\/\/i0.wp.com\/chsspaca.fr\/wp-content\/uploads\/SommBAS-00.jpg?w=595&amp;ssl=1 595w, https:\/\/i0.wp.com\/chsspaca.fr\/wp-content\/uploads\/SommBAS-00.jpg?resize=212%2C300&amp;ssl=1 212w\" sizes=\"auto, (max-width: 500px) 100vw, 500px\" \/><\/a><\/td><\/tr><\/tbody><\/table><\/figure>\n<\/div><\/div>\n","protected":false},"excerpt":{"rendered":"<p>Vous trouverez ici tous les bulletins du &#8220;Comit\u00e9 d&#8217;histoire de la S\u00e9curit\u00e9 Sociale dans la France M\u00e9diterran\u00e9enne), qui couvrait les r\u00e9gions &#8220;Languedoc-Roussillon&#8221; et &#8220;Provence-Alpes-C\u00f4te d&#8217;Azur-Corse&#8221;. Ces bulletins \u00e9taient dactylographi\u00e9s et reproduits selon les techniques des ann\u00e9es 1980. Ainsi, la qualit\u00e9 de leur num\u00e9risation n&#8217;est pas optimale, et vous voudrez bien nous en excuser. Ils sont, &hellip; <\/p>\n<p class=\"link-more\"><a href=\"https:\/\/chsspaca.fr\/index.php\/tous-les-bulletins-ancienne-serie\/\" class=\"more-link\">Continuer la lecture<span class=\"screen-reader-text\"> de &laquo;&nbsp;Tous les bulletins (ancienne s\u00e9rie)&nbsp;&raquo;<\/span><\/a><\/p>\n","protected":false},"author":2,"featured_media":0,"parent":0,"menu_order":0,"comment_status":"closed","ping_status":"closed","template":"","meta":{"footnotes":""},"class_list":["post-3260","page","type-page","status-publish","hentry"],"jetpack_sharing_enabled":true,"jetpack_likes_enabled":true,"_links":{"self":[{"href":"https:\/\/chsspaca.fr\/index.php\/wp-json\/wp\/v2\/pages\/3260","targetHints":{"allow":["GET"]}}],"collection":[{"href":"https:\/\/chsspaca.fr\/index.php\/wp-json\/wp\/v2\/pages"}],"about":[{"href":"https:\/\/chsspaca.fr\/index.php\/wp-json\/wp\/v2\/types\/page"}],"author":[{"embeddable":true,"href":"https:\/\/chsspaca.fr\/index.php\/wp-json\/wp\/v2\/users\/2"}],"replies":[{"embeddable":true,"href":"https:\/\/chsspaca.fr\/index.php\/wp-json\/wp\/v2\/comments?post=3260"}],"version-history":[{"count":0,"href":"https:\/\/chsspaca.fr\/index.php\/wp-json\/wp\/v2\/pages\/3260\/revisions"}],"wp:attachment":[{"href":"https:\/\/chsspaca.fr\/index.php\/wp-json\/wp\/v2\/media?parent=3260"}],"curies":[{"name":"wp","href":"https:\/\/api.w.org\/{rel}","templated":true}]}}